5 and a.
45
Let v(k) be the third derivative of k**5/60 - 25*k**4/24 + 25*k**3/6 - 19*k**2. Let s be v(26). What is the greatest common factor of s and 51?
51
Let f(q) be the first derivative of 25*q**3/3 + 5*q**2/2 - 4*q + 37. Let m be f(1). What is the greatest common factor of m and 234?
26
Let c = -211 - -217. What is the highest common factor of c and 18?
6
Suppose 4*c + 3*v - 22 = 0, 4 + 6 = c + 3*v. Calculate the greatest common divisor of 62 and c.
2
Let m(q) = 6*q - 14. Let w be m(11). What is the greatest common divisor of w and 13?
13
Suppose -1460 = -19*k + 15*k. Calculate the highest common factor of k and 292.
73
Suppose -5*u + 150 = -8*o + 6*o, 3*u = -3*o + 69. Calculate the greatest common divisor of 2660 and u.
28
Let z = 858 + -536. What is the greatest common divisor of z and 46?
46
Suppose -8*i + 15 = -5*i. Suppose 0 = -3*d - 4*f + 55, i*d + 6*f - 99 = 3*f. What is the greatest common divisor of 63 and d?
21
Let b(w) = -102*w + 138. Let y be b(-25). Calculate the highest common factor of y and 84.
84
Let z be (1 + 0)/((-6)/(-48)). Suppose 0 = 3*r - z*r + 95. Calculate the greatest common divisor of 152 and r.
19
Suppose -2*m = 79 - 227. What is the greatest common divisor of 4 and m?
2
Suppose -4*x = -9 + 1. Let r(z) = 2 - 4*z - 18*z**x + 21*z**2 - 4*z. Let n be r(4). Calculate the greatest common factor of n and 12.
6
Suppose s = 53 - 35. Let k(g) = -g**3 + 15*g**2 + 29*g - 10. Let d be k(16). What is the highest common divisor of d and s?
18
Let r = 0 + 18. Suppose 2*d = 3*u + r, 2*u - 36 = -3*d - d. Let p be (-7)/(-21)*d/3. What is the greatest common factor of 9 and p?
1
Let o be 1 + -2 - (5 + -16). Let x be -1 - -1*(-21)/3. Let r(h) = -h**2 - 10*h - 12. Let k be r(x). What is the highest common factor of o and k?
2
Suppose 57 + 23 = 2*l. Let j = -24 + l. Calculate the highest common factor of j and 4.
4
Let c = 18 + 7. Suppose -21 = -l + c. What is the greatest common factor of 69 and l?
23
Let h(c) = -2*c**2 + 47*c + 47. Let g be h(20). Calculate the highest common divisor of 17 and g.
17
Suppose -2*n - 17 + 45 = -2*d, 4*d = -2*n - 2. Suppose n = -3*t + 4*t. What is the highest common factor of t and 72?
9
Let w(c) = -c**2 - 11*c. Let x be w(-8). Suppose -u - 2*y - 1 = -5, -5*u - 7 = y. Let h be (-8)/16 - 25/u. What is the highest common factor of h and x?
12
Let i be (-54)/(-189) - (-1)/(28/356). Suppose -2*r + 8 + 0 = 0. Suppose r*k + 0*k = 156. What is the highest common factor of k and i?
13
Let w be (-48)/(1*-2) + -1. Let h(j) = 11*j**2 - 11*j + 29. Let s be h(4). Calculate the highest common divisor of s and w.
23
Let q(b) = -b**3 + 7*b**2 + 7*b - 6. Suppose 10 = 4*y - 14. Let n be q(y). What is the greatest common divisor of 9 and n?
9
Let j(r) = -r**3 + 9*r**2 - 16*r - 12. Let n be j(6). Suppose 0 = d - 3*t - 57, 2*d + 3*d + t - 365 = n. What is the highest common divisor of 8 and d?
8
Let r = 665 - 650. Let c(j) = 7*j + 2. Let b be c(4). Calculate the highest common factor of r and b.
15
Suppose 5*l = -11*l + 960. Calculate the highest common divisor of l and 150.
30
Let c be 4/(4/(-5)) + 2. Let b be 91 - c*1/(-3). Let j = b - 58. What is the greatest common factor of 8 and j?
8
Suppose -2*q + 2*r + 42 = 0, 18*q - 16*q = 3*r + 43. What is the greatest common factor of q and 390?
10
Let w(f) = 9*f - 19. Let d be w(7). Suppose -5*i + d = -416. What is the greatest common factor of i and 23?
23
Suppose 4*i = -12, -y + 20 + 18 = -4*i. Suppose 0*f + f = y. Let s be 3*(-1 - f/(-3)). Calculate the highest common factor of 92 and s.
23
Let y be (-156)/27 + (-6)/27. Let n = 16 + y. Suppose -3*f + 55 = c, -4*c = -6*c - n. What is the greatest common factor of f and 4?
4
Let u be (8585/(-10))/((-35)/(-10) + -4). Calculate the highest common divisor of 17 and u.
17
Let c be 12*3/(-27)*-3. Suppose -4*r = h + 20, -3*r - 7 - 60 = c*h. Let w be h*((-1 - -2) + -2). What is the highest common factor of w and 96?
16
Let l be (-11)/(44/(-8)) + 2 + 2. Calculate the greatest common factor of l and 972.
6
Suppose -4*g - 20*r + 118 = -18*r, 5*g = 2*r + 152. What is the greatest common factor of g and 480?
30
Let r(a) = 3*a - 79. Let p be r(32). Calculate the greatest common divisor of p and 697.
17
Let p(j) = 2*j**3 + 7*j**2 + 2*j - 1. Let t be p(-3). Suppose 444 = 4*f + t*w, -4*f + 436 = 4*w - 6*w. Calculate the highest common divisor of f and 44.
22
Suppose -7*i + 1013 = 313. Let q be 95 + 4/(-10)*i/(-10). What is the greatest common divisor of q and 33?
33
Let v(r) = r**2 + 5*r - 4. Let m(y) = y**2 + 6*y - 3. Let f(g) = -6*m(g) + 7*v(g). Let a be f(5). Calculate the highest common divisor of 10 and a.
10
Let j = 16 + 1235. Calculate the greatest common divisor of 9 and j.
9
Let j(y) = -y**3 - 12*y**2 + 7*y - 15. Let g be j(-13). Let s be -6 + 9 + 39 + 0/(-1). Calculate the highest common divisor of g and s.
21
Suppose -63 = -3*d - 0*d. Suppose -22*n = -17*n + 210. Let r be (-77)/(n/(-9) + -5). Calculate the highest common factor of r and d.
21
Let l = -106 + 92. Let b(i) = i**3 + 12*i**2 - 29*i - 2. Let d be b(l). Calculate the highest common divisor of 18 and d.
6
Let d(o) = -o**2 - o. Let g(n) = 2*n**2 + 4*n - 3. Let f(r) = -3*d(r) - g(r). Let l = 91 - 89. Let b be f(l). What is the highest common divisor of 20 and b?
5
Suppose -7*o + 6*o - 1 = 4*c, 3*o + 2*c - 37 = 0. Let t = -89 - -209. Calculate the greatest common factor of o and t.
15
Suppose 6 = -0*o + 2*o. Suppose -13 = -o*w - 4. Suppose -h = 3*m - 1, 8*m = 3*m. What is the greatest common factor of w and h?
1
Suppose -4*l = -3*z + 132, -4*z + z - 2*l + 150 = 0. Let t = -96 + 102. Calculate the greatest common factor of t and z.
6
Suppose 11 = d + 5*i, 2*i - 4*i + 5 = d. Let s be -25 + 1 - (7 + -8 + -3). Let k be (95/s)/(-1) + (-6)/8. What is the highest common divisor of k and d?
1
Suppose 7*f - 4*f - 300 = 0. Let n(c) = -2*c + 36. Let i be (-2)/(-14)*-2 + (-279)/(-21). Let b be n(i). What is the greatest common divisor of f and b?
10
Let b be (-230)/50 - 2/5. Let w(c) = -7*c - 2. Let h be w(b). Calculate the highest common divisor of h and 11.
11
Let w be 153/7 + 11/(847/(-66)). Calculate the highest common factor of 399 and w.
21
Suppose -s - 4 = -3*s, -5*s = 5*m - 45. Suppose m + 2 = -3*i. Let z be ((-4)/(-8))/(i/(-630)). Calculate the highest common factor of z and 35.
35
Let s = 15 + -9. Suppose 0 = -35*r + 31*r + 24. What is the highest common divisor of r and s?
6
Let d(g) = 41*g + 4*g**2 + g**3 - 3 - 48*g - 4. Let b be d(-5). What is the highest common factor of 27 and b?
3
Suppose -119*c = -133*c + 336. Calculate the highest common divisor of 48 and c.
24
Let r(h) = -h**2 + 4*h + 49. Let z be r(0). Let f = -12 - -19. What is the greatest common factor of f and z?
7
Suppose 4*o = o - 5*v + 37, -4*v = -4*o + 28. Let r = -8 + o. What is the greatest common factor of 11 and r?
1
Let c be 186*(-5)/(-10) - 5. What is the greatest common divisor of c and 66?
22
Suppose -9*m - 17*m = -26. Calculate the greatest common divisor of m and 1.
1
Let u be 2425/(-10) + (-5)/10. Let g = u + 571. Calculate the greatest common divisor of 41 and g.
41
Suppose -10 = 3*u - 5*u. Let g(s) = s**3 - s**2 - 2*s - 10. Let h be g(u). What is the highest common divisor of h and 10?
10
Suppose 0*v + 350 = 7*v. What is the highest common divisor of v and 75?
25
Suppose 0 = 3*w - 2*w + 17. Let u = -15 - w. What is the highest common divisor of u and 10?
2
Let b be (12 - 4464/(-80)) + (-2)/(-10). Calculate the greatest common divisor of 850 and b.
34
Let i(l) = 20*l**3 - 2 + 24*l**3 - 45*l**3 - 16*l**2 - 8 - 29*l. Let u be i(-14). What is the highest common factor of u and 44?
4
Suppose 0 = -14*n + 39 + 1081. What is the greatest common divisor of 320 and n?
80
Let b = -178 - -196. Let n(f) = -7*f**2 - f. Let k be n(-1). Let h be (82 - -2)*k/(-4). What is the greatest common divisor of b and h?
18
Let l(x) = x**3 - x**2 - 33*x + 24. Let y be l(6). What is the greatest common factor of 57 and y?
3
Suppose 0 = -2*l - 4*i + 11 + 65, -4*l + 172 = -2*i. Let t = 109 + l. Let a = t + -102. What is the greatest common divisor of a and 7?
7
Let s(b) = -4*b**2 + 42*b + 21. Let h be s(7). What is the greatest common divisor of 7 and h?
7
Let v(k) = -k**3 - 3*k**2 + 5*k + 5. Let f be v(-5). Suppose 0 